rue
Suppose -613076 - 1493499 = -25*h. Is h a composite number?
False
Let z(d) = -d**2 + 9*d + 15. Suppose -3*m + 37 = 7. Let f be z(m). Suppose f*c - 2*v - 89 = -5*v, v = c - 21. Is c a prime number?
True
Let c = -103 - -91. Let h(l) = -l**3 + 6*l**2 - 11*l + 43. Is h(c) composite?
False
Let d(g) = 3340*g**3 - 49*g**2 + 140*g + 2. Is d(3) prime?
False
Let v(y) = 4436*y + 4099. Is v(30) a prime number?
False
Let a = -78 - -85. Let s be -10238*(-5 - ((-8)/(-2) - a)). Suppose -s = -9*q + 21923. Is q a prime number?
False
Let p(u) = 2*u. Let l(s) = -443*s**2 - 6*s - 7. Let n(z) = -l(z) + 5*p(z). Is n(-5) composite?
True
Let q be (-187)/(-5) - 12/30. Suppose 0 = -4*a + 3 + q. Let p = 101 - a. Is p a composite number?
True
Let q be (-1 + 0 + 1)*3/(-6). Suppose -5*a - 4*p + 26151 = q, -3*p = -7 - 5. Is a a composite number?
False
Let r(q) = 11*q**3 + 538*q**2 + 67*q - 11. Is r(-48) prime?
True
Let x(f) = -1790*f + 124. Let o be x(-15). Let w = o - 16373. Is w prime?
True
Let s be 0 + 5/40*2*0. Suppose s = -72*b + 77*b - 39925. Is b composite?
True
Let s = -220 + 237. Suppose -s*t + 4589 = -4608. Is t prime?
True
Is (-2394)/(-1862) + 541070/7 a composite number?
True
Let k(r) = 1414*r**3 - 3*r**2 + 17*r + 17. Is k(3) a composite number?
False
Suppose -3*r - 33926 = -5*h, h - 5 = -10. Let b = r - -15900. Is b prime?
True
Suppose 409*y - 402*y = 697165. Is y prime?
False
Let b = -482557 + 1828206. Is b composite?
False
Let t = 572588 + -289927. Is t a prime number?
True
Let b be (-16)/6*33/(-22). Suppose o + 4 = 3*y, 0 = -b*o - 3*y + 13 + 1. Suppose -5*q - 4*v = -1315 - 2092, 5*v = -o*q + 1373. Is q prime?
False
Suppose -9 = -4*t - 1. Suppose -t*k + 11 = 1, 2*k = -5*g + 3270. Suppose 5*z = z + g. Is z a composite number?
False
Is 96906 + (-195)/13 + 2 prime?
True
Suppose -3*p + p - 7 = -3*j, j + 3 = 2*p. Suppose 35 = j*f - 20. Suppose 7*g + 644 = f*g. Is g prime?
False
Suppose 0 = -4*u - a + 1785757, -2*a - 160888 - 732008 = -2*u. Is u prime?
True
Suppose 6*n - 62 = -26. Suppose 2*k - 3305 = -5*t + n*t, 5 = t. Is 7/(2 + (-3305)/k) composite?
True
Let s(r) = -r - 3. Let b be s(-3). Let v(j) = -2*j**2 - 2*j + 11. Let x be v(b). Let n(i) = i**3 - 6*i**2 - 12*i + 14. Is n(x) prime?
True
Let x(u) = -u**3 + 16*u**2 - 14*u - 4. Let a be x(15). Suppose -2*h - 5 = a. Is (-308935)/(-45) - h/(-36) composite?
True
Let v(n) = -6*n**2 + n**2 + 4*n**2 - 4*n**2 + 1343 + 3*n**2. Is v(0) composite?
True
Suppose 4*r - 18 = 2*h, -12 = -3*h - 3. Is r/(-33) + 1954968/264 composite?
True
Suppose -4*f + 2*h + 214877 = -513789, -546497 = -3*f + 4*h. Is f composite?
False
Let m(f) = -6*f**3 + 3*f**2 + 48*f + 178. Let v be m(-5). Let d(i) = -3*i - 2. Let s be d(-2). Suppose j - 454 = -2*u, -5*j + v = -s*u - 1451. Is j prime?
False
Is (-1424)/(-890) + (-291774)/(-10) prime?
True
Is 3/(-5) - (2/13 - (-148775904)/(-1040)) a prime number?
True
Let y(g) = g**3 + 14*g**2 - 6*g + 5. Let m be y(-14). Let z = -85 + m. Suppose z*l - 10*l = -13218. Is l a prime number?
True
Let o(c) = 12*c + 187. Let b be o(0). Is 482239/b - ((-2)/11 + 0) prime?
True
Let y(f) = 135*f - 62. Let m be y(5). Suppose -m - 964 = -h. Is h composite?
True
Suppose b - 244842 = q, 0 = -3*b + q + 203978 + 530558. Is b a prime number?
False
Let w(f) = -152*f + 3. Let b(q) = -4*q**2 + 1. Let n be b(1). Let o be (1 - n) + 36/(-3). Is w(o) prime?
False
Is -11 + 2745356 + 6 + 4 a composite number?
True
Let v = 207 + -201. Suppose -4*n - 1 = 2*j - 5, -5*n - 2*j = -4. Suppose n = -4*l + v*l - 602. Is l a composite number?
True
Let u(c) = -6*c - 67. Let n be u(-13). Suppose 3156 = s + n*s. Is s a composite number?
False
Let g(q) = 26*q**2 + 13*q - 3. Let a be g(-8). Suppose -13175 = -4*u + a. Is u a composite number?
True
Let i(y) = -y**3 - 9*y**2 + 9*y - 6. Let f be i(-10). Suppose -2*b + f = 0, -1934 = -4*c - 4*b + 7822. Is c composite?
False
Suppose 0 = -2*k - 4, -48892 = -4*q - 47*k + 45*k. Let r = q + -7831. Is r composite?
True
Let y be -17*((-1)/1 + 0). Suppose -3*t = -2*i - y, -20 = -3*t + 2*i + 3*i. Is 3 - t - (-479 - 2) composite?
False
Is ((-156)/65 + 3)*3989*(-5)/(-3) a prime number?
True
Let d(b) = -2734*b + 40. Let y(c) = -1367*c + 21. Let x(r) = 4*d(r) - 9*y(r). Is x(8) composite?
True
Let w = -16064 - -22975. Is w a composite number?
False
Let p be 4/(-34) + 485194/697. Let r = p + 1611. Is r prime?
False
Is (9474151/(-102))/((-1)/6) composite?
False
Let m be (-3 - 1) + 31880/5. Let j = -3559 + m. Is j composite?
True
Suppose 0 = 4*v + 3*n + 28077, -2*v - n = -0*v + 14041. Let r = v + 14840. Is r a prime number?
True
Let z be (-52)/(-8) - 5 - (-1716)/8. Suppose -z*x - 159383 = -223*x. Is x composite?
False
Let q be 3/18 - 5/30. Suppose q = 8*n - 20*n + 19884. Is n a composite number?
False
Let j(g) = 34*g - 179. Let p = -137 - -170. Is j(p) a composite number?
True
Let u = 3241 - -1225. Let a be (-6912)/(-648)*(-3)/(-8). Is u/a + (-6)/(-12) composite?
False
Suppose -2*c - 2*c + 10 = 5*u, -8 = -4*u - c. Suppose 85140 = u*f + 3*f. Suppose 3*q - f + 4671 = 0. Is q a composite number?
True
Suppose 3*g - 2 = 2*g. Let t be 0/(-1) + (1 - g) + -500. Let p = 64 - t. Is p a prime number?
False
Suppose -3*t + 21203 - 3254 = 0. Is t - (1 + 8 + -7) a prime number?
True
Suppose -1211450 = 73*w - 20506153. Is w a composite number?
True
Suppose -6*v + 25 = -v. Suppose v*h = 139 + 56. Suppose 0 = -5*t - 3*w + 436, -5*w - 65 = -t + h. Is t a prime number?
True
Let a = 466749 + -263576. Is a a prime number?
True
Suppose 88030 = -20*l + 22*l. Suppose 33*h = 38*h - l. Is h a prime number?
True
Let y be (-6)/(-2) + (-9 - 129). Suppose -72*v + 1010 = -67*v. Let c = y + v. Is c a prime number?
True
Suppose 4*x - 527512 = -q + 69690, -30 = -5*q. Is x a composite number?
True
Let w(i) = i**3 + 15*i**2 - i - 15. Let a be w(-15). Suppose a = 6*z - 4*z - 18. Suppose -12*l + z*l + 267 = 0. Is l prime?
True
Let m = -30 + 32. Suppose u - 2*h - 1 = -4*h, m*h - 15 = -3*u. Suppose -10*l = -u*l - 771. Is l a composite number?
False
Let b = -64 + 69. Suppose 4*n - 2*n + 143 = w, -3*n - 736 = -b*w. Is w a composite number?
False
Suppose 3*p - 364468 = 5*n + 377751, 494808 = 2*p - n. Is p a prime number?
False
Let x = -5579 + 1804. Let i = 6618 + x. Suppose -3030 - i = -m. Is m prime?
False
Let y = 36541 - 9186. Is y a prime number?
False
Let m = 8144 + -4674. Suppose -55*j - m = -65*j. Is j a composite number?
False
Let w = -11986 - -23717. Is w composite?
False
Let b = -51 + 39. Let t(p) = -p**3 - 11*p**2 + 9*p - 22. Let s be t(b). Suppose s*r = 4*r + 6550. Is r composite?
True
Is -1 + (-10 - -13) + 1028752 + -1 a prime number?
False
Let a(q) = 1435*q - 1266. Is a(35) a prime number?
False
Suppose -2*s - 5*q + 111964 = 0, -2*s = -3*s - 2*q + 55985. Is s prime?
True
Let u(f) = -12*f**3 + 7*f**2 + 8*f + 8. Let w be u(9). Let d = -4530 - w. Is d prime?
True
Suppose 2*g = 3*g, -3*g + 235 = 5*s. Suppose s = -5*q + v, 19 = 5*q - 2*v + 68. Is (-5)/6*q*(-26)/(-3) a prime number?
False
Suppose 3*p - 197 = -41. Suppose 0 = 6*g - 2*g + p. Is (g - -15)*(-1 + (-2102)/(-4)) prime?
True
Let g = -48 - -51. Let o(q) = 1005*q**3 + 4*q**2 - 6*q + 14. Is o(g) a prime number?
False
Let x be (6 - -57)/9 - (-3 + (7 - 3)). Let m(v) be the first derivative of v**4/2 + 8*v**3/3 - 2*v**2 - 13*v - 1. Is m(x) composite?
False
Suppose 5*u - 30 = s, -7*s + 3*s + 3*u = 52. Let p = s - -13. Suppose p*a - 508 = -a. Is a a composite number?
False
Let t(p) = 21*p**2 + 18*p + 9. Suppose 3*o = -w + 20, 4*o - 3*w = -0*w + 44. Is t(o) prime?
False
Let b = -98 - -108. Is (39603/(-215))/(-1 - (-8)/b) prime?
False
Suppose 41*a - 45*a + 8 = 0. Suppose 5*q - 7*i + 4*i = 4322, -a*i + 2 = 0. Is q prime?
False
Suppose 6*d - 603*s + 601*s - 1844506 = 0, -4*s - 922277 = -3*d. Is d a prime number?
False
Let r be (14/(-6))/((-1)/3). Let t(y) = 37*y**2 + 4*y + 6. Is t(r) prime?
True
Suppose 24*p = 29*p - 151015. Suppose p = 10*t - 78207. Is t composite?
True
Suppose -12*k + 115*k - 99903872 = -25*k. Is k composite?
False
Let d be 3390 + ((-12)/(-3))/(-1). Suppose 0 = 28*x - 26*x - d. Suppose -x - 385 = -2*q. Is q a composite number?
False
Let s(a) = -4223*a + 460. Is s(-21) composite?
True
Let x(v) = 4*v**3 - 22*v**2 + 83*v - 151. Is x(24) prime?
False
Let b = -865829 + 1607202. Is b prime?
T